factors of m?
3
Let j(q) = 14*q**2 - 30*q + 45. Let p(y) = -5*y**2 + 10*y - 15. Let v(t) = -6*j(t) - 17*p(t). List the prime factors of v(-12).
3
Let z be 6/(-10) - 65/(-25). Suppose -z*t + 2 = -4. What are the prime factors of t?
3
Let v = 14 + -18. List the prime factors of (v - 48)*(-2)/4.
2, 13
Suppose 0 = 5*i + 5*z - 20, -4*z - 8 = 12. List the prime factors of i.
3
Let y = 33 - 23. Suppose 3*t + 12 = u, 5 + 4 = -3*t. Suppose -u*w + y + 2 = 0. What are the prime factors of w?
2
Let m = 291 - 194. What are the prime factors of m?
97
Suppose 0 = 4*z - 7*z. Suppose r = -z + 29. Let g = 44 - r. List the prime factors of g.
3, 5
Let w = -240 - -167. Let b = w - -109. What are the prime factors of b?
2, 3
Let n(o) = -2*o + 8. List the prime factors of n(-14).
2, 3
What are the prime factors of 282 + -1*(-2 - 5/(-5))?
283
Suppose -4*b - 4*t = 28, -b - t = 3*t + 22. What are the prime factors of ((-1)/2)/(b/20)?
5
Suppose 0 = 4*g - 1 + 5. What are the prime factors of (g/1)/(1/(-12))?
2, 3
Suppose -2*t + 0 = 10. Let j = t - -9. List the prime factors of j.
2
Suppose -d - 9*d = -420. What are the prime factors of d?
2, 3, 7
Suppose 0 = -2*m - 0 + 14. Let r = 13 - m. What are the prime factors of r?
2, 3
Let b(s) = -s - 6. Let u be b(-4). Let g = 5 + u. Suppose 3*t - t - g*p = 7, 2*p + 34 = 4*t. List the prime factors of t.
11
Suppose 696 = 4*z + 3*r, -5*z + r + 0*r = -870. List the prime factors of z.
2, 3, 29
Let r = -6 - -107. List the prime factors of r.
101
Let g(i) = i**2 + 7*i + 5. Let t be g(-7). Suppose -l + 4*r = l, 0 = t*l - 4*r. Suppose l = -6*w + 3*w + 18. What are the prime factors of w?
2, 3
Suppose 0 = -2*s - 3*s + 40. Let m = s + -5. Let q = m + 2. List the prime factors of q.
5
Let h = 3 + 2. Suppose 3*j = h*m - 25, -5*m - j = -1 - 4. Suppose m = -2*q + 3*q. What are the prime factors of q?
2
Let j(r) = -r**3 - 6*r**2 - 4*r + 7. Let a be j(-5). Suppose 0 = i + f - 2*f - 9, -a*i = 4*f - 12. List the prime factors of i.
2
Let h be (1/(-3))/((-2)/(-366)). Let s = h + 85. List the prime factors of s.
2, 3
Suppose 5*i - 67 = 2*n + 766, 4*n = -5*i + 809. Suppose 10*h - i = 5*h. List the prime factors of h.
3, 11
Let d = 44 - 42. Let w(g) = g**3 - 4*g**2 + 2*g - 2. Let j be w(4). Suppose -j = -d*f + 12. List the prime factors of f.
3
Suppose 0 = -0*s - 2*s + 60. List the prime factors of s.
2, 3, 5
Let i(y) = y**2 - 9*y**3 - 2*y**2 + 4*y + 8*y**3 + 1. List the prime factors of i(-3).
7
Suppose z + 2*l - 6*l = -57, -3*z - 5*l = 120. Let g = -19 - z. What are the prime factors of g?
2, 13
Let t(r) = -r**3 + 9*r**2 + 10*r + 11. Let l(u) = -5*u - 5. Let c be l(-5). Suppose 0 = n + 2*b - 14, 2*b - c = -4*n + 24. What are the prime factors of t(n)?
11
What are the prime factors of (-2)/6 + (-2105)/(-15)?
2, 5, 7
Let i be (2/3)/((-1)/3). Suppose -4*o - 1 = -u, -2*u + 5*o - 6*o + 20 = 0. List the prime factors of (i + 8)*21/u.
2, 7
Suppose 0 = 13*s - 1309 - 1044. What are the prime factors of s?
181
List the prime factors of (2 - (-10)/(-15))*144.
2, 3
Suppose -6*t + 3*a = -t - 231, 82 = 2*t + 4*a. What are the prime factors of t?
3, 5
Let k = 47 + -28. List the prime factors of k.
19
Suppose -2*b + 20 = 2*b. Suppose 0 = 3*o - b*v - 43, 5*o - 2*v - 35 = -v. List the prime factors of o.
2, 3
Let m be 2/7 - 94/(-14). Suppose -5*l = 15, 2*p - m*p + 4*l = -42. What are the prime factors of p?
2, 3
Let y = -4 + 6. Suppose 0 = 3*z + 15, -y*n + 4*z = 3*n - 40. Suppose 0 = n*b - 3*a - 61, -5*a + 9 + 28 = 4*b. What are the prime factors of b?
13
Suppose -2*d - 2*b = -162, 34 = d - 2*b - 50. List the prime factors of d.
2, 41
Let j(q) = q + 1. Let r(z) = 7. Let y(t) = 3*j(t) - r(t). Let a be y(4). Let i = a + -4. What are the prime factors of i?
2
Suppose -2*c - 2 = -8. Suppose -5*o - 11 = 2*l - 77, c*l - 2*o = 99. List the prime factors of l.
3, 11
Let f(i) be the first derivative of -5*i + 4 + 3/2*i**2 + 1/4*i**4 - 2*i**3. List the prime factors of f(6).
13
Let a(o) = 9*o - 10. What are the prime factors of a(3)?
17
Let f(l) = 2*l - 5. Let w be f(5). Let r(z) = z + 7. Let o be r(-5). Suppose -w*d - 2*h = o*h - 71, -3*d + 37 = h. What are the prime factors of d?
11
Let v = 13 + 16. List the prime factors of v.
29
Let x = -26 + 37. Let d(w) = w**3 - 10*w**2 - 10*w + 12. List the prime factors of d(x).
23
Let g(t) = 39*t**2 + 8*t - 18. List the prime factors of g(2).
2, 7, 11
Let u = -1 - -5. Let q(m) = -m**2 + 14*m + 3. Let c be q(14). Let k = u + c. What are the prime factors of k?
7
What are the prime factors of (-2)/(-6) + (-41)/(-3)?
2, 7
Let h(v) = -v + 24. Let y be (2 - 8)/(-3) + -2. Let n be h(y). Suppose 2*u = -u + n. List the prime factors of u.
2
Let s(g) = 7*g + 4. What are the prime factors of s(4)?
2
List the prime factors of ((-56)/3)/(8/(-12)).
2, 7
Suppose -2*z + 4*z = 12. Let g be ((-30)/4)/(z/16). Let r = -10 - g. List the prime factors of r.
2, 5
Suppose 4*n = -g - 3, g = 3*n - 0*g - 3. Let t be -6 - ((n - -1) + -3). List the prime factors of 63/12 + (-3)/t.
2, 3
Let c be (-60)/(-2)*(-1)/(-2). Suppose u = -2*u + c, -11 = -3*v + 5*u. What are the prime factors of v?
2, 3
Let o(d) = -d**2 + 22*d + 38. What are the prime factors of o(18)?
2, 5, 11
Let c be (-3)/(-9) - (-5)/3. Suppose -5*w + c*w = -3*i - 84, -2*w - 5*i = -70. List the prime factors of w.
2, 3, 5
Let t = -5 + 8. Suppose -6 = -t*z - 3*a, 3*a = -2*z - a + 8. Let v(x) = -x + 13. What are the prime factors of v(z)?
13
Suppose -3*s + 12 = -0*s. Suppose -4*u + 15 = -2*w + 1, -4*w = s. What are the prime factors of (3*2)/(2/u)?
3
Let r be -1 + 2/(-1) + 31. Let y = r + -7. Suppose y = 2*x - b, -5*x + 80 = -b + 4*b. List the prime factors of x.
13
What are the prime factors of (0 - 2)/(20/(-630))?
3, 7
Let j(a) = -a**3 + 3*a**2 + 5*a + 1. Let v be j(4). Suppose 4*w = w - k + 22, -v*w + 46 = 4*k. List the prime factors of w - (0 + -2 + 0).
2
Let a(s) = -48*s. Let g be a(-1). Suppose 0*j + 4*j = g. List the prime factors of j.
2, 3
Let w(z) = -28*z + 4. List the prime factors of w(-5).
2, 3
Suppose 2*x - 16 = -6*x. What are the prime factors of x?
2
Suppose -26 = -3*w - 5*u, 3*u - 16 = 2*w - 2*u. Suppose -4*v - 3*l - 3 = -5*v, 2*v - w*l = 10. List the prime factors of v.
2, 3
Suppose -4*p - 151 - 25 = -4*s, -2*s = -3*p - 92. Let y = s - 24. What are the prime factors of y?
2
Suppose -7*z + 65 = -2*z. List the prime factors of z.
13
Let z be 5*((-62)/(-5) - -1). Suppose -z = -5*m + 4*d, 3*d = 3*m - 51 + 9. List the prime factors of m.
11
Let f(w) = -w + 8. Let b be f(8). Suppose b = h - 8 - 3. Let q = 18 - h. List the prime factors of q.
7
Suppose 0 = -5*v - 0*v - 25. Let p(j) = -j**2 - 8*j - 10. List the prime factors of p(v).
5
Suppose -3*n + 6*v + 86 = 2*v, 4*n + 5*v = 94. List the prime factors of n.
2, 13
Let f(b) = -1 + b**3 - 2*b**3 - 7*b**2 + 2*b + 8. Let c be f(-7). Let k = c - -11. List the prime factors of k.
2
Let z(o) = o - 3. Let v be 0 + 2 + (-24)/4. Let p(q) = q**3 + 5*q**2 + 3*q + 1. Let r be p(v). List the prime factors of z(r).
2
Suppose 4*o - 4*h = 580, 721 = 5*o - h - 2*h. List the prime factors of o.
11, 13
Suppose -15*u = 3*u - 5094. List the prime factors of u.
283
Suppose -4*f + 132 = -5*l, l - 130 = -3*f - 3*l. Suppose -3*d = -2*x - 20, f = 5*d - 0*d - x. What are the prime factors of d?
2
Let i(p) = 3*p**2 - 12*p - 2. List the prime factors of i(11).
229
Suppose 0 = 3*c + c - 4*h + 32, -4 = 4*c + 3*h. List the prime factors of c/(-18) - 115/(-9).
13
Suppose 40 = 2*o - 434. What are the prime factors of o?
3, 79
Suppose -3*i + 2*r - 63 = -4*i, -260 = -4*i - 4*r. List the prime factors of i.
67
Suppose 0*k + 6 = 2*k. Suppose k*l = 4*l - 4. List the prime factors of l.
2
Let c(u) = u + 34. What are the prime factors of c(0)?
2, 17
Let l(c) = -c**2 - 7*c - 5. Let q be l(-7). Let u(v) = v**2 - 2*v - 7. What are the prime factors of u(q)?
2, 7
Let c(a) = a**2. Let f be c(2). Suppose 0 = -5*r + t + 237, -f*r - 2*t + t = -186. Suppose 4*l - r = -11. What are the prime factors of l?
3
Suppose 4*y + 17 + 3 = 0. List the prime factors of (4/y)/(1/(-5)).
2
Let z(r) = r**2 + 13*r - 28. What are the prime factors of z(9)?
2, 5, 17
Suppose -u = u - 182. What are the prime factors of u?
7, 13
Let m = -74 + 173. What are the prime factors of m?
3, 11
Let h = 0 + 1. Let c(